when 17 is divided by y(-22).
3
Let w(p) = -p**2 + 6*p - 3. Let c be w(6). Let t = -884 + 897. Calculate the remainder when 59 is divided by (-2)/c*2*(t - 4).
11
Let r(o) = -o**2 - 6*o + 14. Let l be r(-7). Suppose -3*a + l*a = 0. Suppose a = 7*b - 11 - 17. Calculate the remainder when b is divided by 2.
0
Let u = 5003 + -4297. What is the remainder when u is divided by 121?
101
Let c be -6*((28/(-8) - 0) + 4). Let i(x) = 17*x**2 - 4*x + 2. What is the remainder when 3/(((-9)/121)/c) is divided by i(2)?
59
Let u = -114 - -116. Suppose -u*a + 524 - 150 = 0. What is the remainder when a is divided by (2/5)/(1/95)?
35
Let v = -174 - -32. What is the remainder when v*(-3)/6 + (-6)/(-2) is divided by -3 + (30 - 6/3)?
24
Let b = -258 + 576. Suppose -b = -22*q + 628. Calculate the remainder when 130 is divided by q.
1
Suppose -445*p - 873 = -448*p - 6. Calculate the remainder when p is divided by 289.
0
Let u be ((-19)/2)/(5/20*2). Let c = 19 + u. Suppose 2*b + 27 - 93 = c. What is the remainder when 63 is divided by b?
30
Let t(i) = -i**2 + 40*i - 162. Let a be t(35). Suppose a*y = 42 + 49. What is the remainder when 165 is divided by y?
4
Calculate the remainder when (-5 - 497)*(-1)/2 is divided by -1 - (0 - (-5 + 120/10)).
5
Let k(l) = -393*l**2 + 3*l - 4. Let z be k(1). Let m = z + 533. What is the remainder when m is divided by 74?
65
Let p(f) = f**2 - 14*f + 348. Calculate the remainder when p(-33) is divided by 633.
0
Suppose g + 158 = 3*z, 228 = 5*z - 4*g - 26. Suppose 4*f - 409 = -4*x + 199, 0 = -2*x + f + 316. What is the remainder when x is divided by z?
48
Suppose 0 = 9*k - 313 - 2063. Let t = -73 + k. What is the remainder when t is divided by ((-48)/(-20))/((-6)/(-40))?
15
What is the remainder when (-25798)/(-24) + (16 - 10)/72 is divided by 57?
49
Calculate the remainder when 2/10 + 884/5 is divided by ((-14 + 2)/(-12))/((-1)/4) - -64.
57
Let c(x) = -x**3 - 9*x**2 - 9*x + 55. What is the remainder when 164 is divided by c(-8)?
38
Suppose -2 = -28*i + 29*i. Let t be (296 - -2) + 1 - (0 - i). Suppose 13*h - 808 - t = 0. Calculate the remainder when h is divided by 22.
19
Let o = 3997 - 3937. Calculate the remainder when 986 is divided by o.
26
Let v be (-2)/(-5) - (-394)/(-10). Calculate the remainder when 44/2 + (2 - 3) is divided by v/(-26) + (-15)/(-2).
3
Suppose 8629 - 2434 = 14*p - 6419. What is the remainder when 1810 is divided by p?
8
Let r(o) = o**2 + 6*o + 9. Let d be r(-4). Let p(m) = 117*m**2 + m - 1. What is the remainder when p(d) is divided by 24?
21
Let g = -3095 + 3360. Calculate the remainder when g is divided by 87.
4
Let k = 187967 + -187951. Let d = 53 - -199. What is the remainder when d is divided by k?
12
Let j be (-10 - 6237/22)*4/2. Let b = -499 - j. Calculate the remainder when 347 is divided by b.
83
Let y = -49 + 52. Suppose 9 = -2*d - d, -3*k + 399 = -y*d. Suppose -3*o - o - t = -186, -4*t = -3*o + k. What is the remainder when o is divided by 24?
22
Let y = 5 - 4. Let g(s) = 12*s + 1. Let d = -201 - -204. What is the remainder when g(y) is divided by d?
1
Suppose 2*h = -5*b + 18, -5*h - 9 = -2*b - 4*h. Let t be (2/6)/(2/18). Suppose -2*c + 48 = t*v - 35, 4*c - 4 = 0. What is the remainder when v is divided by b?
3
Suppose -45 = 4*m + 11. Let g = m + 67. Suppose 4*a = -0*y - 3*y + g, 2*a - 4 = 0. What is the remainder when y is divided by 4?
3
Let l = 247 + -228. What is the remainder when 241 is divided by l?
13
Suppose -31*k = -55*k + 3240. What is the remainder when 5803 is divided by k?
133
Let o = -1335 + 3035. Calculate the remainder when o is divided by 63.
62
Calculate the remainder when 238 is divided by (102/374)/(1/363).
40
Let p be -29 - (1/(-2))/((-12)/(-24)). Calculate the remainder when 199 is divided by 63 - (54/15 + p/(-70)).
22
Let g be 6/(-24) + (-105)/(-4). Suppose 3*i + 9 + 25 = 5*y, 4*y - 2*i = g. Calculate the remainder when 28 is divided by y.
3
Calculate the remainder when 74 is divided by ((-8778)/95)/(-7) - (-2)/(-10).
9
Calculate the remainder when 295 is divided by 396/1980*(-60)/(-2).
1
Let h(z) = z**2. Let x(r) = 12*r**2 - 9*r + 10. Let f(l) = -3*h(l) + x(l). Calculate the remainder when f(4) is divided by 41.
36
Suppose -2*d - 2 = -12. Suppose 0 = d*h + 2*k + k - 27, -4*h - 5*k = -32. Let a = 2 + 6. What is the remainder when a is divided by h?
2
Let h = 112 - 35. Let o(p) = p**3 + 42*p**2 - 177*p - 2. What is the remainder when h is divided by o(4)?
25
Suppose 4*j + 3*o - 118 = o, -3*j + 86 = o. Let b = -76 + j. Let l = b + 59. Calculate the remainder when l is divided by 4.
2
Let q(g) = -552*g + 3893. Calculate the remainder when 133 is divided by q(7).
17
Let d(t) = -9*t - 2. Suppose -19*f = -7*f - 60. Let g be d(f). Let z = 55 + g. Calculate the remainder when 23 is divided by z.
7
Suppose 117 = 3*v - 435. Let j = v + -39. What is the remainder when j is divided by 3?
1
Let s(n) = 2*n**2 - 39*n - 279. Suppose 3*i + l + 11 = i, -i + 2 = 2*l. Calculate the remainder when s(i) is divided by 55.
51
Suppose d - 515 = -4*j, 2159 + 394 = 5*d - 2*j. Calculate the remainder when d is divided by 247.
17
Let j(v) be the third derivative of -v**5/30 + 13*v**4/12 - 13*v**3/6 - 65*v**2. Calculate the remainder when 87 is divided by j(11).
25
Suppose -4*q + 8*j = 3*j - 5, -4*q + j = -17. Suppose q*g = 16*g - 1859. Calculate the remainder when g is divided by 9.
7
Let k(d) be the second derivative of d**5/20 - 5*d**4/6 - d**3/6 - 10*d**2 + 53*d. Let p = -13 + 24. What is the remainder when k(p) is divided by 23?
21
Suppose 59*b = 33*b + 26. What is the remainder when 23/(-4)*(-3 - (2 - b)) is divided by 9?
5
Suppose 5*o - 9*o - 4*u = -2316, -o = -u - 565. Calculate the remainder when o is divided by 103.
57
Let w(t) = 2 - 7*t**2 + 2*t**2 - 20*t - t**3 + 26*t + 8. What is the remainder when ((-8)/(-3))/((-10)/(-180)) is divided by w(-6)?
8
Suppose -8*n + 3*n + 8667 - 712 = 0. What is the remainder when n is divided by 114?
109
Let x = 48 + 129. Suppose -4*a + 0 = 3*w - 178, -w = -3*a + 140. What is the remainder when x is divided by a?
39
Let d = 42 + -25. Suppose 4345 = 10337*i - 10282*i. What is the remainder when i is divided by d?
11
Let r be 4/10 + (-118)/(-5). Suppose r*l = 661 + 275. What is the remainder when 272 is divided by l?
38
Let c(q) = -q**3 + 4*q**2 + 5*q + 6. Let p be c(5). Suppose p*f - f - 25 = 0. Suppose -204 = -f*o - o. Calculate the remainder when o is divided by 16.
2
Suppose -12 = h + d, 3*h + d + 10 = -36. What is the remainder when 274 is divided by 2/2 - 391/h?
10
What is the remainder when ((0/9)/7)/8 + 1237 is divided by 13?
2
Let j(g) = -22*g - 1202. Calculate the remainder when j(-58) is divided by 28.
18
Let m(w) = -w**2 - 38*w + 594. What is the remainder when m(-48) is divided by 20?
14
Let s be 11/((-11)/(-12)) + 1. Let v(t) = 2*t + 44 - 3*t + s - t + t**2. What is the remainder when v(0) is divided by 21?
15
Let l(u) = 2*u**3 - u**2 - 782*u + 42. What is the remainder when (-2)/(-4) + (-86)/(-4) is divided by l(20)?
0
Suppose 0 = 3*m + m - 540. Let d = 24 - 21. Suppose 4*c + d*n - 151 = -0*c, 0 = -3*c + 3*n + 87. Calculate the remainder when m is divided by c.
33
Suppose -2*c + 4*h + 696 + 1282 = 0, -4*c = 3*h - 3912. Suppose -c = 444*n - 447*n. Calculate the remainder when n is divided by 15.
12
Let j(o) = -15*o + 39*o - 2 - 17*o. Let t(w) = -2*w**2 + 38*w - 22. Calculate the remainder when t(16) is divided by j(3).
17
Let g(l) = 9*l**3 + 2*l**2 + 3*l - 17. Let p be g(3). Let r = 273 - p. Calculate the remainder when 42 is divided by r.
2
Let k = 52 + -35. Suppose -342 = 9*l + 594. Let v = l - -168. What is the remainder when v is divided by k?
13
Let n(i) = i**3 + 11*i + 2. Let p be n(5). Calculate the remainder when ((-1040)/p)/(2/(-7)) is divided by 7.
6
Let n(z) = z**2 - 19*z - 15. Let v be n(20). Let o be v + 0 + 1 + -4. Suppose -o*j + 118 = -0*j. What is the remainder when j is divided by 30?
29
Let v(t) be the second derivative of -3*t**5/20 + t**4/12 + 7*t**3/6 + 7*t**2/2 - 129*t. What is the remainder when 69 is divided by v(-1)?
1
Suppose 2*m = -2*z - 2*m + 56, m = -4*z + 105. Let x(y) = y**2 - 24*y - 34. Let s be x(z). Suppose 228 = 7*h + s. What is the remainder when h is divided by 10?
0
Suppose v = 2*v - 4. Suppose -v*a + 12 = 4*i -